 highest common divisor of 1309 and 748.
187
Calculate the highest common factor of 792 and 1.
1
What is the highest common divisor of 39 and 468?
39
What is the highest common factor of 779 and 475?
19
Calculate the greatest common divisor of 45 and 2637.
9
Calculate the greatest common factor of 25 and 75.
25
What is the greatest common divisor of 258 and 5762?
86
What is the greatest common divisor of 326 and 2?
2
Calculate the highest common factor of 160 and 340.
20
What is the greatest common factor of 496 and 272?
16
What is the highest common divisor of 186 and 50?
2
What is the greatest common factor of 297 and 9603?
99
Calculate the greatest common factor of 35 and 95.
5
Calculate the highest common factor of 20 and 340.
20
Calculate the highest common factor of 237 and 2765.
79
What is the greatest common divisor of 4495 and 1015?
145
Calculate the highest common divisor of 3034 and 328.
82
Calculate the highest common factor of 660 and 792.
132
What is the greatest common divisor of 25 and 28775?
25
What is the greatest common factor of 2227 and 17?
17
Calculate the greatest common factor of 245 and 4235.
35
Calculate the highest common divisor of 3 and 918.
3
What is the highest common factor of 20 and 635?
5
What is the greatest common factor of 156 and 96?
12
What is the highest common divisor of 294 and 84?
42
Calculate the highest common factor of 55 and 847.
11
What is the highest common divisor of 34 and 6341?
17
What is the highest common divisor of 1630 and 50?
10
Calculate the greatest common divisor of 435 and 5.
5
What is the greatest common factor of 99014 and 62?
62
Calculate the greatest common factor of 990 and 10296.
198
What is the greatest common factor of 33 and 20031?
33
What is the highest common factor of 7 and 371?
7
What is the highest common factor of 40450 and 5?
5
Calculate the highest common factor of 1566 and 81.
27
What is the highest common factor of 77 and 539?
77
What is the greatest common divisor of 57 and 54?
3
What is the highest common factor of 21731 and 62?
31
Calculate the greatest common divisor of 159 and 65508.
159
What is the highest common divisor of 3 and 1320?
3
What is the highest common divisor of 3615 and 5?
5
Calculate the highest common divisor of 14 and 28.
14
Calculate the greatest common factor of 1 and 2160.
1
Calculate the greatest common divisor of 56 and 11760.
56
Calculate the greatest common divisor of 564 and 12.
12
Calculate the greatest common divisor of 1630 and 40.
10
Calculate the greatest common factor of 160 and 340.
20
What is the highest common divisor of 13459 and 387?
43
What is the highest common divisor of 745 and 5?
5
What is the highest common divisor of 32 and 992?
32
Calculate the greatest common divisor of 228 and 22458.
114
What is the greatest common divisor of 824 and 24?
8
Calculate the highest common divisor of 1 and 236.
1
What is the greatest common factor of 12 and 507?
3
What is the greatest common factor of 81 and 117?
9
What is the highest common divisor of 784 and 48?
16
What is the greatest common divisor of 42 and 1869?
21
Calculate the highest common factor of 323 and 272.
17
What is the greatest common factor of 492 and 18?
6
Calculate the greatest common factor of 1198 and 2.
2
Calculate the highest common divisor of 7 and 11.
1
Calculate the highest common factor of 16 and 152.
8
What is the greatest common divisor of 464 and 48?
16
What is the highest common divisor of 1020 and 1275?
255
Calculate the highest common divisor of 2968 and 8.
8
Calculate the greatest common divisor of 105 and 765.
15
What is the highest common factor of 63 and 2023?
7
What is the greatest common factor of 16 and 104?
8
Calculate the greatest common factor of 135 and 12501.
27
Calculate the greatest common factor of 31668 and 312.
156
Calculate the highest common factor of 9 and 5043.
3
Calculate the highest common divisor of 35 and 555.
5
What is the highest common divisor of 15 and 435?
15
Calculate the highest common factor of 224 and 16912.
112
Calculate the highest common divisor of 20 and 390.
10
What is the greatest common factor of 32 and 8?
8
What is the highest common factor of 180 and 225?
45
Calculate the greatest common factor of 5510 and 116.
58
What is the highest common divisor of 110 and 198?
22
What is the greatest common factor of 14 and 11578?
14
Calculate the highest common factor of 18776 and 8.
8
Calculate the highest common divisor of 36 and 36.
36
Calculate the highest common factor of 2520 and 42.
42
Calculate the highest common divisor of 48 and 456.
24
Calculate the highest common factor of 48 and 2944.
16
What is the highest common divisor of 1258 and 34?
34
What is the highest common divisor of 1368 and 1976?
152
What is the highest common divisor of 649 and 3776?
59
What is the greatest common factor of 12 and 13884?
12
What is the highest common divisor of 27 and 30?
3
What is the highest common factor of 2 and 67?
1
What is the highest common divisor of 48 and 13872?
48
What is the highest common divisor of 98 and 44?
2
Calculate the highest common factor of 477 and 747.
9
What is the greatest common factor of 324 and 6684?
12
What is the highest common divisor of 23 and 207?
23
What is the greatest common divisor of 72 and 585?
9
What is the greatest common divisor of 15 and 485?
5
What is the highest common divisor of 52 and 247?
13
What is the greatest common divisor of 2014 and 106?
106
What is the greatest common factor of 112 and 1694?
14
What is the highest common factor of 63 and 9?
9
What is the highest common divisor of 132 and 638?
22
What is the greatest common factor of 20 and 60440?
20
What is the greatest common factor of 28 and 27552?
28
What is the highest common divisor of 91 and 21?
7
What is the greatest common factor of 145 and 232?
29
Calculate the highest common factor of 3473 and 23.
23
What is the greatest common factor of 33 and 121?
11
What is the highest common divisor of 405 and 5?
5
Calculate the greatest common factor of 486 and 18.
18
Calculate the highest common factor of 594 and 22.
22
Calculate the highest common factor of 749 and 7.
7
What is the greatest common factor of 190 and 15?
5
What is the greatest common divisor of 336 and 208?
16
Calculate the greatest common factor of 15 and 1135.
5
What is the highest common divisor of 11 and 528?
11
Calculate the highest common factor of 237 and 4.
1
Calculate the greatest common divisor of 3776 and 64.
64
Calculate the highest common factor of 20 and 1940.
20
Calculate the highest common divisor of 628 and 4.
4
Calculate the highest common factor of 19 and 19.
19
Calculate the greatest common divisor of 243 and 9.
9
Calculate the greatest common factor of 330 and 7500.
30
Calculate the greatest common divisor of 5681 and 91.
13
What is the greatest common factor of 14996 and 489?
163
What is the greatest common divisor of 154 and 420?
14
What is the highest common factor of 11 and 11?
11
Calculate the greatest common divisor of 285 and 15.
15
Calculate the highest common factor of 29 and 6003.
29
What is the highest common divisor of 858 and 110?
22
What is the highest common factor of 184 and 276?
92
Calculate the highest common factor of 165 and 110.
55
What is the greatest common factor of 390 and 610?
10
Calculate the greatest common factor of 304 and 48.
16
Calculate the highest common factor of 48 and 15672.
24
Calculate the greatest common divisor of 36773 and 11.
11
Calculate the greatest common divisor of 432 and 496.
16
What is the highest common factor of 13 and 481?
13
What is the highest common divisor of 37 and 12062?
37
What is the highest common factor of 4161 and 1533?
219
Calculate the highest common factor of 4 and 71.
1
Calculate the highest common divisor of 57 and 513.
57
What is the greatest common factor of 55 and 880?
55
What is the greatest common divisor of 40 and 1810?
10
What is the greatest common divisor of 160 and 25504?
32
What is the highest common factor of 73 and 1?
1
What is the greatest common divisor of 8778 and 105?
21
What is the highest common factor of 28 and 700?
28
What is the highest common divisor of 54 and 2682?
18
Calculate the highest common divisor of 27 and 9.
9
Calculate the greates